{"id":10,"date":"2019-03-10T14:37:16","date_gmt":"2019-03-10T13:37:16","guid":{"rendered":"https:\/\/bulldogman.de\/home\/?page_id=10"},"modified":"2025-11-21T19:24:45","modified_gmt":"2025-11-21T18:24:45","slug":"ueber-mich","status":"publish","type":"page","link":"https:\/\/bulldogman.de\/home\/ueber-mich\/","title":{"rendered":"Zucht"},"content":{"rendered":"<p><a href=\"https:\/\/welpen.vdh.de\/hunderassen\/rasselexikon\/zuechter\/heiko-schmidt\" target=\"_blank\" rel=\"noopener\"><img decoding=\"async\" src=\"https:\/\/welpen.vdh.de\/plakette\/6195\" alt=\"\"><\/a><\/p>\n<h2>Wesen &#8211; Gesundheit &#8211; Sch\u00f6nheit<\/h2>\n<p>Diese Reihenfolge zeigt unsere Priorit\u00e4ten.<\/p>\n<p>In unserer Zucht legen wir besonderen Wert auf ein soziales Wesen. Mittlerweile haben wir die 6.te Generation Continental Bulldogs in unserem Haus gez\u00fcchtet. Bulldogman\u00b4s sowie Pack Leader Bulldogs sind nicht nur in Deutschland sondern mittlerweile auch in Finnland, Schweden, Tschechien, Polen, \u00d6sterreich, Schweiz, Italien, Frankreich, Spanien, Slowenien, Holland und den USA zu Hause.<\/p>\n<p>Lernen Sie unsere Hunde kenne und \u00fcberzeugen Sie sich. Wir sind vom VDH und vom Veterin\u00e4ramt abgenommen.<\/p>\n<hr>\n<p><strong>Unsere erste Bulldogge<\/strong><br \/>Meine Frau die doch nie einen besonderen Draht zu Hunden hatte, verliebte sich in die Helga (englische Bulldogge) einem Maskottchen einer Fr\u00fchst\u00fcckssendung von Sat1. Grund daf\u00fcr war sicher die Bodenst\u00e4ndigkeit und ausgepr\u00e4gte Gelassenheit die sie w\u00e4hrend der Sendungen immer ausstrahlte. Merkmale die man bei herk\u00f6mmlichen Hunden nicht erwarten w\u00fcrde.<br \/>Eines Tages meinte Andrea so einen Hund w\u00fcnsche ich mir und obwohl sie eigentlich immer Angst vor Hunden hatte beschlossen wir uns Informationen \u00fcber diese Rasse zu besorgen.<br \/>Als Leitfaden und Ratgeber f\u00fcr das zuk\u00fcnftige Familienmitglied nutzten wir das Buch \u201eEnglish Bulldog\u201c von Imelda Angehrn. In diesem stand, auf f\u00fcr uns verst\u00e4ndliche Art geschrieben, auf was man beim Bulldogkauf achten solle.<br \/>Einige Zeit sp\u00e4ter waren wir dann stolze Besitzer eines kleinen Englisch Bulldogr\u00fcden namens \u201eAmboss\u201c. Dieser entsprach dem was wir aus dem Buch entnommen hatten. Amboss hatte eine l\u00e4ngere gerade Rute, etwas mehr Nase und war von seinem Wesen ein wunderbarer Hund.<br \/>Sp\u00e4ter wurde er Vater der ersten in Deutschland geborenen Continental Bulldogs. Er wurde in der Schweiz (SKG) zur Zucht von Continental Bulldogs zugelassen.<\/p>\n<p><img loading=\"lazy\" decoding=\"async\" class=\"alignnone size-medium wp-image-69\" src=\"https:\/\/bulldogman.de\/home\/wp-content\/uploads\/2019\/03\/amboss-300x243.jpg\" alt=\"\" width=\"300\" height=\"243\" srcset=\"https:\/\/bulldogman.de\/home\/wp-content\/uploads\/2019\/03\/amboss-300x243.jpg 300w, https:\/\/bulldogman.de\/home\/wp-content\/uploads\/2019\/03\/amboss.jpg 487w\" sizes=\"auto, (max-width: 300px) 100vw, 300px\" \/><\/p>\n<hr>\n<p><strong>Im Gedenken an unsere geliebte Haja, unsere erste Continental Bulldog H\u00fcndin.<\/strong><\/p>\n<p>Sie war unsere erste Zuchth\u00fcndin und hat die ersten Continental Bulldogs in Deutschland geboren. Haja war eine intelligente und ausgeglichene H\u00fcndin. Es machte ihr Freude, Dinge zu lernen und das Gelernte zu zeigen. Ihr ausgesprochenes liebes Wesen gab sie auch an Ihre Nachkommen weiter.<\/p>\n<p><img loading=\"lazy\" decoding=\"async\" class=\"alignnone size-medium wp-image-73\" src=\"https:\/\/bulldogman.de\/home\/wp-content\/uploads\/2019\/03\/haja-300x222.jpg\" alt=\"\" width=\"300\" height=\"222\" srcset=\"https:\/\/bulldogman.de\/home\/wp-content\/uploads\/2019\/03\/haja-300x222.jpg 300w, https:\/\/bulldogman.de\/home\/wp-content\/uploads\/2019\/03\/haja-768x568.jpg 768w, https:\/\/bulldogman.de\/home\/wp-content\/uploads\/2019\/03\/haja.jpg 771w\" sizes=\"auto, (max-width: 300px) 100vw, 300px\" \/><\/p>\n<p>Pickwick Haja (*2005 \u2013 \u20202017)<\/p>\n\n\n<table id=\"AutoNumber3\" style=\"border-collapse: collapse; padding: 0pt; width: 660px; background-color: #ffffff; height: 301px; border: 1px solid #696969;\" frame=\"box\" cellspacing=\"0\" cellpadding=\"0\">\n<tbody>\n<tr>\n<td width=\"33%\"><\/td>\n<td width=\"33%\"><\/td>\n<td width=\"34%\"><span style=\"color: #000000; font-family: Verdana; font-size: 11px;\"> <strong>Viper\u00b4s Mortimer<\/strong><\/span><\/td>\n<\/tr>\n<tr>\n<td width=\"33%\"><\/td>\n<td width=\"33%\"><span style=\"color: #000000; font-family: Verdana; font-size: 11px;\"><strong>Walz\u00b4s Tiger<\/strong><\/span><\/td>\n<td width=\"34%\"><\/td>\n<\/tr>\n<tr>\n<td width=\"33%\"><\/td>\n<td width=\"33%\"><\/td>\n<td width=\"34%\"><span style=\"font-family: Verdana; font-size: 11px; color: #993300;\"><strong> Walz\u00b4s Niva<\/strong><\/span><\/td>\n<\/tr>\n<tr>\n<td width=\"33%\"><span style=\"color: #000000; font-family: Verdana; font-size: 11px;\"> <strong>Pickwick Moodie\u00b4s Murphy<\/strong><\/span><\/td>\n<td width=\"33%\"><\/td>\n<td width=\"34%\"><\/td>\n<\/tr>\n<tr>\n<td width=\"33%\"><\/td>\n<td width=\"33%\"><\/td>\n<td width=\"34%\"><span style=\"font-size: 11px;\"><strong><span style=\"color: #000000; font-family: Verdana;\">Roinja\u00b4s Harry<\/span><\/strong><\/span><\/td>\n<\/tr>\n<tr>\n<td width=\"33%\"><\/td>\n<td width=\"33%\"><span style=\"font-size: 11px; color: #993300;\"><strong><span style=\"font-family: Verdana;\"> Pickwick On the Mood<\/span><\/strong><\/span><\/td>\n<td width=\"34%\"><\/td>\n<\/tr>\n<tr>\n<td width=\"33%\"><\/td>\n<td width=\"33%\"><\/td>\n<td width=\"34%\"><span style=\"color: #993300; font-size: 11px;\"><strong><span style=\"font-family: Verdana;\"> Berenice<\/span><\/strong><\/span><\/td>\n<\/tr>\n<tr>\n<td width=\"100%\" colspan=\"3\">\n\n<hr>\n\n<\/td>\n<\/tr>\n<tr>\n<td width=\"33%\"><\/td>\n<td width=\"33%\"><\/td>\n<td width=\"34%\"><span style=\"color: #000000; font-family: Verdana; font-size: 11px;\"> <strong>Pickwick Scooter<\/strong><\/span><\/td>\n<\/tr>\n<tr>\n<td width=\"33%\"><\/td>\n<td width=\"33%\"><span style=\"color: #000000; font-size: 11px;\"><strong><span style=\"font-family: Verdana;\">Pickwick Niva\u00b4s Nelson<\/span><\/strong> <\/span><\/td>\n<td width=\"34%\"><\/td>\n<\/tr>\n<tr>\n<td width=\"33%\"><\/td>\n<td width=\"33%\"><\/td>\n<td width=\"34%\"><span style=\"color: #993300; font-size: 11px;\"><strong><span style=\"font-family: Verdana;\"> Walz\u00b4s Niva<\/span><\/strong><\/span><\/td>\n<\/tr>\n<tr>\n<td width=\"33%\"><span style=\"color: #993300; font-family: Verdana; font-size: 11px;\"> <strong>Pickwick Lovley<\/strong><\/span><\/td>\n<td width=\"33%\"><\/td>\n<td width=\"34%\"><\/td>\n<\/tr>\n<tr>\n<td width=\"33%\"><\/td>\n<td width=\"33%\"><\/td>\n<td width=\"34%\"><span style=\"font-size: 11px;\"><strong><span style=\"color: #000000; font-family: Verdana;\">Tugga Da Cascata Branca<\/span><\/strong><\/span><\/td>\n<\/tr>\n<tr>\n<td width=\"33%\"><\/td>\n<td width=\"33%\"><span style=\"color: #ff0000; font-size: 11px;\"><strong><span style=\"font-family: Verdana;\"><span style=\"color: #993300;\"> Ilha do Mel vom Goldenen Stern<\/span> <\/span><\/strong><\/span><\/td>\n<td width=\"34%\"><\/td>\n<\/tr>\n<tr>\n<td width=\"33%\"><\/td>\n<td width=\"33%\"><\/td>\n<td width=\"34%\"><span style=\"font-size: 11px; color: #993300;\"><strong><span style=\"font-family: Verdana;\"> Kurtz Queen Do Magia<\/span><\/strong><\/span><\/td>\n<\/tr>\n<tr>\n<td width=\"33%\"><\/td>\n<td width=\"33%\"><\/td>\n<td width=\"34%\"><\/td>\n<\/tr>\n<\/tbody>\n<\/table>\n\n\n\n<hr class=\"wp-block-separator has-css-opacity\"\/>\n\n\n<p>Im Gedenken an unseren Bulldogman\u00b4s Ajax, den ersten in Deutschland geborenen Continental Bulldog.<\/p>\n<p>Bulldogman\u00b4s Ajax&nbsp; * 05.12.2006 \u2020 04.06.2019<\/p>\n<p><img loading=\"lazy\" decoding=\"async\" width=\"300\" height=\"246\" class=\"alignnone size-medium wp-image-174\" alt=\"\" src=\"https:\/\/bulldogman.de\/home\/wp-content\/uploads\/2019\/03\/ajax-300x246.jpg\" srcset=\"https:\/\/bulldogman.de\/home\/wp-content\/uploads\/2019\/03\/ajax-300x246.jpg 300w, https:\/\/bulldogman.de\/home\/wp-content\/uploads\/2019\/03\/ajax.jpg 680w\" sizes=\"auto, (max-width: 300px) 100vw, 300px\" \/><\/p>\n\n\n<table id=\"AutoNumber3\" style=\"border-collapse: collapse; padding: 0pt; width: 660px; background-color: #ffffff; height: 301px; border: 1px solid #696969;\" frame=\"box\" cellspacing=\"0\" cellpadding=\"0\">\n<tbody>\n<tr>\n<td width=\"33%\"><\/td>\n<td width=\"33%\"><\/td>\n<td width=\"34%\"><span style=\"color: #000000; font-family: Verdana; font-size: 11px;\"> <strong>Al Bundy V.T. Kempische Roedel<\/strong><\/span><\/td>\n<\/tr>\n<tr>\n<td width=\"33%\"><\/td>\n<td width=\"33%\"><span style=\"color: #000000; font-family: Verdana; font-size: 11px;\"><strong>Buffalo from the sweet Devil\u00b4s<\/strong><\/span><\/td>\n<td width=\"34%\"><\/td>\n<\/tr>\n<tr>\n<td width=\"33%\"><\/td>\n<td width=\"33%\"><\/td>\n<td width=\"34%\"><span style=\"font-family: Verdana; font-size: 11px; color: #993300;\"><strong> Best Friend Annabel<\/strong><\/span><\/td>\n<\/tr>\n<tr>\n<td width=\"33%\"><span style=\"color: #000000; font-family: Verdana; font-size: 11px;\"> <strong>Buffalos Amboss<\/strong><\/span><\/td>\n<td width=\"33%\"><\/td>\n<td width=\"34%\"><\/td>\n<\/tr>\n<tr>\n<td width=\"33%\"><\/td>\n<td width=\"33%\"><\/td>\n<td width=\"34%\"><span style=\"font-size: 11px;\"><strong><span style=\"color: #000000; font-family: Verdana;\">Banner\u00b4s Pride Q-Willi<\/span><\/strong><\/span><\/td>\n<\/tr>\n<tr>\n<td width=\"33%\"><\/td>\n<td width=\"33%\"><span style=\"font-size: 11px; color: #993300;\"><strong><span style=\"font-family: Verdana;\"> M\u00e4ckelb\u00f6rgs Frieda<\/span><\/strong><\/span><\/td>\n<td width=\"34%\"><\/td>\n<\/tr>\n<tr>\n<td width=\"33%\"><\/td>\n<td width=\"33%\"><\/td>\n<td width=\"34%\"><span style=\"color: #993300; font-size: 11px;\"><strong><span style=\"font-family: Verdana;\"> M\u00e4ckelb\u00f6rgs Betty &#8211; Bo<\/span><\/strong><\/span><\/td>\n<\/tr>\n<tr>\n<td width=\"100%\" colspan=\"3\">\n\n<hr>\n\n<\/td>\n<\/tr>\n<tr>\n<td width=\"33%\"><\/td>\n<td width=\"33%\"><\/td>\n<td width=\"34%\"><span style=\"color: #000000; font-family: Verdana; font-size: 11px;\"> <strong>Walz\u00b4s Tiger<\/strong><\/span><\/td>\n<\/tr>\n<tr>\n<td width=\"33%\"><\/td>\n<td width=\"33%\"><span style=\"color: #000000; font-size: 11px;\"><strong><span style=\"font-family: Verdana;\">Pickwick Moodie\u00b4s Murphy<\/span><\/strong> <\/span><\/td>\n<td width=\"34%\"><\/td>\n<\/tr>\n<tr>\n<td width=\"33%\"><\/td>\n<td width=\"33%\"><\/td>\n<td width=\"34%\"><span style=\"color: #993300; font-size: 11px;\"><strong><span style=\"font-family: Verdana;\"> Pickwick On the Mood<\/span><\/strong><\/span><\/td>\n<\/tr>\n<tr>\n<td width=\"33%\"><span style=\"color: #993300; font-family: Verdana; font-size: 11px;\"> <strong>Pickwick Haja<\/strong><\/span><\/td>\n<td width=\"33%\"><\/td>\n<td width=\"34%\"><\/td>\n<\/tr>\n<tr>\n<td width=\"33%\"><\/td>\n<td width=\"33%\"><\/td>\n<td width=\"34%\"><span style=\"font-size: 11px;\"><strong><span style=\"color: #000000; font-family: Verdana;\">Pickwick Niva\u00b4s Nelson<\/span><\/strong><\/span><\/td>\n<\/tr>\n<tr>\n<td width=\"33%\"><\/td>\n<td width=\"33%\"><span style=\"color: #ff0000; font-size: 11px;\"><strong><span style=\"font-family: Verdana;\"><span style=\"color: #993300;\"> Pickwick Lovley<\/span> <\/span><\/strong><\/span><\/td>\n<td width=\"34%\"><\/td>\n<\/tr>\n<tr>\n<td width=\"33%\"><\/td>\n<td width=\"33%\"><\/td>\n<td width=\"34%\"><span style=\"font-size: 11px; color: #993300;\"><strong><span style=\"font-family: Verdana;\"> Ilha do Mel vom Goldenen Stern<\/span><\/strong><\/span><\/td>\n<\/tr>\n<tr>\n<td width=\"33%\"><\/td>\n<td width=\"33%\"><\/td>\n<td width=\"34%\"><\/td>\n<\/tr>\n<\/tbody>\n<\/table>\n\n\n<hr \/>\n<p><strong>\u00a0<\/strong><\/p>\n<p><strong>Zeitlinie:<\/strong><\/p>\n<p>09\/2004 &#8211; Continental Bulldog | Rassebezeichnung der SKG<br \/>12\/2004 &#8211; Mitglied im Continental Bulldog Club Schweiz (CBCS)<br \/>02\/2005 &#8211; CBCS offiziell von der SKG als Rasseclub anerkannt<br \/>08\/2005 &#8211; Einzug Pickwick Haja, unser erster Continental Bulldog<br \/>04\/2006 &#8211; Initiator und Gr\u00fcnder des CBCD e.V.<br \/>06\/2006 &#8211; Zwingername Bulldogman\u00b4s<br \/>12\/2006 &#8211; Unser erster Continental Bulldogwurf und damit der erste\u00a0 in Deutschland<br \/>2006-11 &#8211; Zuchtleiter im CBCD e.V.<br \/>01\/2015 &#8211; Anerkennung des Continental Bulldogs durch den VDH<br \/>2015-16 &#8211; Zuchtpause unserer Zucht<br \/>08\/2015 &#8211; Mitglied im VDH<br \/>12\/2015 &#8211; Austritt aus dem CBCD e.V.<br \/>06\/2015 &#8211; als Erster im Ausland gez\u00fcchteter Conti wurde Bulldogman\u00b4s Orelie Klubsiegerin bei einer CBCS Clubshow<br \/>12\/2015 &#8211; Gr\u00fcndungmitglied des Allgemeiner Continental Bulldog Club<br \/>03\/2016 &#8211; FCI Zwingernamenschutz &#8222;Pack Leader&#8220;<\/p>\n<p>05\/2021 &#8211; Gr\u00fcndungsmitglied des \u00d6CBV<\/p>\n<p>31\/03\/2022 &#8211; Continental Bulldog provisorisch als Internationale Rasse anerkannt\u00a0<\/p>\n<p>09\/2024 &#8211; vorl\u00e4ufige Anerkennung des ACBC e.V. als Zuchtbuchf\u00fchrender Verein im VDH\/FCI<\/p>\n<p>11\/2025 &#8211; Ehrenmitgliedschaft des ACBC e.V.<\/p>","protected":false},"excerpt":{"rendered":"<p>Wesen &#8211; Gesundheit &#8211; Sch\u00f6nheit Diese Reihenfolge zeigt unsere Priorit\u00e4ten. In unserer Zucht legen wir besonderen Wert auf ein soziales Wesen. Mittlerweile haben wir die &hellip; <\/p>\n","protected":false},"author":1,"featured_media":0,"parent":0,"menu_order":0,"comment_status":"closed","ping_status":"closed","template":"","meta":{"footnotes":""},"class_list":["post-10","page","type-page","status-publish","hentry"],"_links":{"self":[{"href":"https:\/\/bulldogman.de\/home\/wp-json\/wp\/v2\/pages\/10","targetHints":{"allow":["GET"]}}],"collection":[{"href":"https:\/\/bulldogman.de\/home\/wp-json\/wp\/v2\/pages"}],"about":[{"href":"https:\/\/bulldogman.de\/home\/wp-json\/wp\/v2\/types\/page"}],"author":[{"embeddable":true,"href":"https:\/\/bulldogman.de\/home\/wp-json\/wp\/v2\/users\/1"}],"replies":[{"embeddable":true,"href":"https:\/\/bulldogman.de\/home\/wp-json\/wp\/v2\/comments?post=10"}],"version-history":[{"count":57,"href":"https:\/\/bulldogman.de\/home\/wp-json\/wp\/v2\/pages\/10\/revisions"}],"predecessor-version":[{"id":2267,"href":"https:\/\/bulldogman.de\/home\/wp-json\/wp\/v2\/pages\/10\/revisions\/2267"}],"wp:attachment":[{"href":"https:\/\/bulldogman.de\/home\/wp-json\/wp\/v2\/media?parent=10"}],"curies":[{"name":"wp","href":"https:\/\/api.w.org\/{rel}","templated":true}]}}